
13, 71
Let p(f) = f**2 + 4*f. Let c be p(-5). Suppose -x = -2*j - j - 148, -3*x + 464 = -c*j. List the prime factors of x.
163
Let z(t) = -14*t + 3. Let r be z(3). Let a = r - -55. Suppose 2*g + a = 4*g - 3*d, g = -d + 8. List the prime factors of g.
2
Let z be (1293/(-3) - 2)*1. Let q = -202 - z. List the prime factors of q.
3, 7, 11
Let w = 256 + -167. List the prime factors of w.
89
Suppose -9*q = -4*q + 305. Let k = q - -34. Let a = k + 64. What are the prime factors of a?
37
Let s be 1/(4/(-6))*(-3 - -1). Suppose 3*j - 309 = -5*x, -136 - 197 = -3*j + s*x. What are the prime factors of j?
2, 3
Suppose -28 = -2*o - 4*n, -3*o + o = -4*n + 12. Suppose -2*y = -0*w + 2*w - 20, o*w + 5*y = 37. List the prime factors of w.
13
Suppose 4*c - 96 = -5*r, -9*c - 4*r = -12*c + 103. Suppose 12*q - c*q + 2142 = 0. List the prime factors of q.
2, 3, 7
Let z = 90 + -186. Let o = -23 - z. List the prime factors of o.
73
Let c(w) = 33*w**2 - 6*w + 18. List the prime factors of c(3).
3, 11
Suppose 0 = d + 3*a - 55, 0 = -0*a - 2*a - 4. Let t = -34 + d. What are the prime factors of t?
3
Suppose 0 = -0*m + 2*m + 12. Let y be 2 - -21*m/(-9). Suppose -2*t - 104 = 4*f - 9*f, 2*t - y = -f. What are the prime factors of f?
2, 5
Suppose 0 = 9*r - 4*r - 460. Let w = 228 - r. List the prime factors of w.
2, 17
Let f(o) = o**3 + 10*o**2 - 16*o - 24. Let d be f(-10). Suppose 0 = 2*g - 6*g + d. List the prime factors of g.
2, 17
Let y = 10 + -7. Let g(x) = -2 - 14*x**2 + 12*x - 5*x + x**y + 4 + 8*x. What are the prime factors of g(13)?
2, 7
Let o = -26 - -29. Suppose 308 = -o*y + 2. What are the prime factors of 12/6 - y/2?
53
Suppose -1223*i = -1226*i + 1863. List the prime factors of i.
3, 23
Let h(m) = -26*m + 11*m**2 + 9*m + m**3 - 4 - 16*m**2. What are the prime factors of h(8)?
2, 13
Suppose 0 = -55*k + 36*k + 34314. List the prime factors of k.
2, 3, 7, 43
Suppose 2*r + 4*c + 204 = 0, -5*r - 5*c - 335 = 185. List the prime factors of 3*2/(-6)*r.
2, 53
Let p be 130/(-3)*(-18)/12. Suppose o + p = 6*o. Let t = o - 8. What are the prime factors of t?
5
Let s(g) = -5*g**3 - 2*g**2 - 2*g + 2. Let x be s(-2). Let m = 262 - 285. Let b = m + x. What are the prime factors of b?
3, 5
Suppose 0 = 3*f - 36. Let v be (f/(-5))/((-2)/10). What are the prime factors of (v/(-10))/(6/(-100))?
2, 5
Let f(l) = 14 + 0*l**2 + 11*l - 25*l + 2*l**2. What are the prime factors of f(10)?
2, 37
Let z = -19 - -15. Let l(n) = -n**2 - n + 4. Let h(b) = -1. Let d(o) = -6*h(o) - l(o). What are the prime factors of d(z)?
2, 7
Suppose 5*u - 10 = -5*g, 8*u - 5*g = 3*u. Let p be 1/u*(-1 - -5). Suppose 108 - 40 = p*h. What are the prime factors of h?
17
Let x be -19 + (-2 - -4) + -2. Let d = 28 + x. What are the prime factors of d?
3
Let o = 9 + -12. Let t = o + 7. List the prime factors of (2 + (-10)/t)*-16.
2
Suppose y = 14 - 1. Let b be 1*((-4)/(-10) - (-7)/(-5)). What are the prime factors of (y - (b + -1)) + 0?
3, 5
Suppose 4*z + 220 = 4*j, 3*z = j - z - 55. What are the prime factors of j?
5, 11
Let x(y) = 4*y**2 - 16*y - 16. What are the prime factors of x(-10)?
2, 17
Let i(q) = 46*q + 252. List the prime factors of i(30).
2, 3, 17
What are the prime factors of (297/22)/((-1)/(-104))?
2, 3, 13
Let d = -1040 + 2464. What are the prime factors of d?
2, 89
Suppose 4*o + 92 = -u, u + o + 98 = 3*o. Let d be (u/4)/(9/(-6)). Let i = d + -8. List the prime factors of i.
2
Let l(r) = -r**3 - 8*r**2 + 3. Let b be l(-8). Suppose -2 = n + b. Let f = n - -36. What are the prime factors of f?
31
Let d = 639 + -215. What are the prime factors of d?
2, 53
Let s be (1 - -1) + (0 - 0). Let a(k) = 8*k**2 - 1 - 1 + 11*k**2 - 15*k**2. List the prime factors of a(s).
2, 7
Let m(k) = -34*k**2 - k - 1. Let b be m(1). Let o = -29 - b. What are the prime factors of o?
7
Suppose -z - 2*z = -7938. Suppose -z = -12*m + 882. List the prime factors of m.
2, 3, 7
Suppose -296 = 3*u - 2*o, -3*u - 4*o = 145 + 127. List the prime factors of -3 - 2/3*u.
61
Suppose -3*i + 5*y = i + 20, -4*i - y = -4. What are the prime factors of (i + -34)*2*6/(-8)?
3, 17
Suppose -3*o - o + y = -337, y = 2*o - 169. Suppose -2*x = 4*g - 2*g - o, 0 = 2*x + 4*g - 90. What are the prime factors of x?
3, 13
Let v = -179 - -345. What are the prime factors of v?
2, 83
Let n = 1 + 8. Let t = -2 + n. Suppose -2*l + 81 = -t. What are the prime factors of l?
2, 11
Let b(o) = -47*o + 124. List the prime factors of b(-19).
3, 113
Suppose -4*g = 3*c - 15, 3*g + c = 3*c + 7. Let m(r) = r**2 - 4*r + 9. Let i be m(g). Suppose -n + 64 = -w, i*n - n - 304 = w. List the prime factors of n.
2, 3, 5
Let t(u) = 3*u**2 - 8*u - 7. Let w(r) = 8*r**2 - 25*r - 21. Let c(o) = -11*t(o) + 4*w(o). Let d be (-9)/6*(-32)/(-6). List the prime factors of c(d).
5
Suppose -1113 = -4*f + 3*i, 2*i + 0*i = -2*f + 574. Let q be 3 + (-7)/(21/f). Let v = -19 - q. List the prime factors of v.
2, 3
Suppose 0 = 33*d - 31*d - 10. Suppose -d*s = 2*a - 525, 3*a + 113 + 97 = 2*s. What are the prime factors of s?
3, 5, 7
Let p be 4/18 - (0 + 204/(-54)). Suppose 0 = -3*z - 2*r + 5*r + 660, -r - 877 = -p*z. What are the prime factors of z?
3, 73
Let s(z) = z**3 - z**2 - 4*z - 1. Let t be -1 + (-4 - -6) + 1. Suppose t*r + 4 - 12 = 0. What are the prime factors of s(r)?
31
Let r = 511 - -3136. List the prime factors of r.
7, 521
Let k = -10 - -12. Suppose k*v - 5 = -i + v, 4*v = 8. Suppose 48 + 16 = i*d - 5*a, 5*a + 46 = 2*d. List the prime factors of d.
2, 3
Let f(p) = 9*p + 17. Let x(g) = -1. Let s(y) = -f(y) - 6*x(y). What are the prime factors of s(-6)?
43
Let k = 3 - -2. Suppose k*j + 7*i - 6*i - 264 = 0, -2*j + 88 = -4*i. What are the prime factors of j?
2, 13
Let t = -5286 + 9643. What are the prime factors of t?
4357
Let f = 649 + 73. List the prime factors of f.
2, 19
Let a(s) = s**3 + 14*s**2 + 11*s + 19. Let t = -35 - -22. List the prime factors of a(t).
3, 5
Suppose 107 = 2*g + 47. Suppose -37*s + g*s + 784 = 0. What are the prime factors of s?
2, 7
Suppose 0 = 4*g - 11*g - 833. List the prime factors of 1 - (g - (2 - 5)).
3, 13
Let w be (-9)/36 - (-13)/4. Let m(l) = -5*l - 5 - 3 + 4 - w. What are the prime factors of m(-7)?
2, 7
Let o = -20 + 25. Suppose 347 = o*s + 2*h, -s + 268 = 3*s + 4*h. List the prime factors of s.
71
Suppose 4*n = f, 0 = -2*n + 4*n - f. Suppose 3 = 2*l - 1. Suppose -l*q + n*q + 32 = 0. List the prime factors of q.
2
Suppose 5*w - 8 - 2 = 0. Suppose -17 = -2*r - w*r + 3*d, -21 = -5*r + 4*d. Suppose -1 = 2*f - r. List the prime factors of f.
2
Let o = -67 - -122. Let j = o - 37. What are the prime factors of j?
2, 3
Let a be (4 + 0 + -3)*45. Let d = 37 + a. What are the prime factors of d?
2, 41
Let d = 141 - 76. Suppose -5*x + d = -265. List the prime factors of x.
2, 3, 11
Let g = 1424 + -1223. What are the prime factors of g?
3, 67
Suppose -40*s + 1957 - 117 = 0. Let u(a) = -a**2 + 4*a + 1. Let v be u(3). Suppose s + 54 = v*r. List the prime factors of r.
5
Suppose 0 = 10*a - 5*a + 10020. List the prime factors of (-6)/(-21) + a/(-42).
2, 3
Let r(z) = 240*z - 700. What are the prime factors of r(18)?
2, 5, 181
Let j be -1 + 1 + -1 + 16 + -15. What are the prime factors of 6*5/2 - j?
3, 5
Suppose -2977 + 46609 = 18*s. What are the prime factors of s?
2, 3, 101
Let q be (-16)/(-6)*15/10. Suppose 0 = q*o - 220 - 108. What are the prime factors of o?
2, 41
Suppose -2*k = -4 - 0. Let y(d) = 2 + 20*d**3 + 18*d**3 + 11*d**3 - 43*d**3 - 3*d**2. List the prime factors of y(k).
2, 19
Suppose -2*u + 4*u = 5*r + 25, -2*r - 31 = -5*u. What are the prime factors of ((-16)/r)/(28/546)?
2, 13
Let o = 1261 + 126. List the prime factors of o.
19, 73
Let z(w) = -w**2 - 16*w - 11. Let b be z(-18). Let t = b + 50. What are the prime factors of t?
3
What are the prime factors of 191*-2*((-5)/(-1) + -6)?
2, 191
Suppose -o + 5*o - 120 = -2*j, 0 = -2*j. Let k = o - 32. What are the prime factors of 255/5 - (k + -2)?
5, 11
What are the prime factors of 249381/44 + 6/24?
2, 13, 109
Suppose 0 = s + 1 - 6. Suppose -2*f = s*p + 229, 5*f + 3*p + 541 = p. What are the prime factors of 8/32 - f/4?
3
Suppose 5*m + 2*c = 9864, -1962 = -m + 71*c - 66*c. List the prime factors of m.
2, 17, 29
Let f be (-1 + 4)*56/24. Suppose -3*s + 9 = -4*t, -5*t - s = 23 - f. What are the prime factors of 553/21